 u(l) be the third derivative of 11*l**4/24 - 5*l**3/2 + 10*l**2. Let h(x) = -5*x + 8. Let p(g) = -5*h(g) - 3*u(g). Calculate p(4).
-27
Let i(m) = m**2 - 8*m + 10. Let o(p) = p - 1. Let g be o(5). Let n be (2/g)/(13/208). Determine i(n).
10
Suppose 4*z + k - 48 = 0, -16*z + 48 = -12*z - 3*k. Let l(u) = -u**3 + 12*u**2 - 2*u + 18. Give l(z).
-6
Let x(n) = 3*n**2 + 35*n + 8. Let v(t) = -t**2 - 12*t - 3. Let m(k) = -11*v(k) - 4*x(k). Give m(-7).
8
Suppose 7*q = 5*f + 2*q, 2*f = -2*q - 16. Let z(i) = 9*i**2 - 2*i + 3. Let p(s) = 18*s**2 - 3*s + 5. Let d(g) = f*p(g) + 7*z(g). What is d(1)?
-10
Let s(f) = -f**2 + 7*f - 6. Suppose -16 = 5*b - 26. Suppose 0 = 2*r - 8, -b*v - 3*v - 4*r = -36. Determine s(v).
6
Let w = -469 + 465. Let j(u) = -2*u**3 + 3*u**2 + 15*u + 11. Let d(v) = -v**3 + 2*v**2 + 8*v + 6. Let h(n) = 11*d(n) - 6*j(n). Give h(w).
8
Let g(d) = 4*d**3 - 10*d**2 + 2*d. Let f(a) = -5*a**3 + 11*a**2 - a. Let o(c) = -5*f(c) - 6*g(c). Suppose 0 = -36*s - 81 - 135. What is o(s)?
6
Let y(l) = -3*l - 9. Let k(v) = v**3 + 18*v**2 + 44*v - 21. Let i be k(-15). Determine y(i).
9
Let i(j) = -j**3 - 11*j**2 - 7*j + 33. Let t be i(-10). Let p(r) = -1 + 0*r**t + 0*r**3 - r**3 - 143*r**2 + 141*r**2. Determine p(-2).
-1
Let j(u) = 2 + 193*u**2 + 188*u**2 - u - 383*u**2. Give j(-2).
-4
Let q = 138 - 134. Let u(p) = -p**2 + 7*p - 8. What is u(q)?
4
Let y(q) = -9*q - 2. Suppose 0 = 2*c - c - 5. Suppose c*x = -3*k - 10, -5*x + 6 - 16 = -k. Give y(x).
16
Let b be (-1)/((-11)/178) - 6/33. Suppose -18*w + 22*w - b = 0. Let d(r) = -r**3 + 3*r**2 + 5*r - 5. Calculate d(w).
-1
Let i(x) be the first derivative of 48 - 1/2*x**2 - 10*x. Suppose 4*y = -u - 23, 2*u - y + 0*y = -10. Give i(u).
-3
Let n(u) be the first derivative of u**4/4 - 16*u**3/3 - 17*u**2/2 - 2*u - 76. What is n(17)?
-2
Let z(u) be the first derivative of 5*u**3/3 - u**2 - 2*u + 215. Give z(2).
14
Let o(l) = -l + 5. Let m(u) = -36*u - 141. Let g be m(-4). Calculate o(g).
2
Let h be 2/(-3) - 51/(-9). Let a(o) = -11*o**2 - 10*o - 22. Let l(g) = 7*g**2 + 7*g + 15. Let q(n) = h*a(n) + 8*l(n). Give q(-7).
17
Let s be 2 - (7/(28/(-48)))/2. Let u(f) = -f**3 + 9*f**2 - 8*f - 9. Calculate u(s).
-9
Let b(f) = f**2 + 6*f + 3. Suppose 4*h - 14 = 6. Suppose 0 = -4*c + h*r, r + 1 = -c + 2*r. What is b(c)?
-2
Suppose k + 2*k = -g + 6, 3*k - 3 = -2*g. Let b(a) be the third derivative of 1/12*a**4 - 2/3*a**3 + 0 + 7*a**2 + 1/30*a**5 + 0*a - 1/120*a**6. Give b(k).
-7
Let f(h) = -2*h - 5. Suppose -2*n - 6 = 4*k, -4*k + 5*k + 9 = -2*n. Determine f(n).
5
Let t(i) = -i**3 + i. Let u(a) = 3*a**3 + 7*a**2 - 8*a - 8. Let b(p) = -4*t(p) - u(p). Calculate b(6).
-4
Let k(f) = f - 4. Let m be k(4). Let r(v) = -v**3 + 105*v - 107*v - 4 - 2*v**2 + m. Suppose -2*d = -4*d - 6. Calculate r(d).
11
Suppose 3*o + u + 9 = -32, -4*u + 61 = -3*o. Let t = o + 17. Let s(y) = 2*y + t*y - 9*y + 6*y - 5. What is s(6)?
1
Let t = 33 - 35. Let o(v) = v**3 + 2*v**2 - 2*v. Give o(t).
4
Let d(w) = 9*w - 1. Suppose -4*i + 41*k = 44*k + 8, -i + 2*k = 2. What is d(i)?
-19
Let w(d) be the third derivative of -d**8/3360 + d**7/2520 + d**6/240 - d**5/120 - 19*d**4/24 - 9*d**2. Let v(z) be the second derivative of w(z). What is v(2)?
-7
Suppose 0 = -2*h + 6 - 2. Let o(f) be the first derivative of -f**3 + f**2 + 2*f - 719. Determine o(h).
-6
Suppose 14*t = 250 - 166. Let k(n) = n**2 - 4*n + 4. Give k(t).
16
Let a(o) = 5*o**2 + 8*o - 4. Let v = 12 - 18. Let k(b) be the second derivative of b**4/12 + b**3/6 - b**2/2 - 47*b. Let h(p) = v*k(p) + a(p). Determine h(-3).
-13
Let p(r) = -4*r - 30. Suppose -4*j - 12 - 28 = b, 10 = -j - 2*b. Give p(j).
10
Let d be (-34)/(-4) - (-21)/14. Suppose -4*i + 2*x = -d, 2*i + 2*x - 30 = -2*i. Let m(q) = -q**3 + 7*q**2 - 7*q + 3. Determine m(i).
18
Let q(m) = -13*m**3 + m - 1 - 7*m**2 + 7*m + 12*m**3. Let w(z) = -z**3 + 14*z**2 + z + 9. Let y be w(14). Suppose 0 = y*t - 19*t + 32. What is q(t)?
-1
Let q(o) = 3*o. Let m(t) = t**2 + 23*t - 175. Let r be m(6). Give q(r).
-3
Let i(m) = m**2 - 36*m + 273. Let q be i(25). Let y(k) = -4*k**2 + k - 1. Let n(x) = 2*x**2 + 1. Let t(u) = 5*n(u) + 3*y(u). What is t(q)?
-12
Let m(r) be the second derivative of -r**3/6 - 11*r**2 + 280*r. What is m(-17)?
-5
Suppose 0 - 2 = -2*p. Let c(o) be the first derivative of -7/2*o**2 + o - 16. Calculate c(p).
-6
Let f(a) = -37*a**2 + 49*a + 17. Let z(d) = -13*d**2 + 16*d + 6. Let i(t) = -6*f(t) + 17*z(t). Calculate i(22).
0
Suppose -37 = 11*a - 81. Let o(u) = 2*u - 9. Give o(a).
-1
Let g(w) = -7*w**2 - w + 2. Let a(c) = -c**2 - 11*c - 9. Let i be a(-10). Determine g(i).
-6
Let k(x) = 4*x**2 + 5. Let v(c) be the third derivative of -c**5/15 - c**3 + 8*c**2. Let o(l) = -6*k(l) - 5*v(l). What is o(-1)?
-4
Let x(k) be the third derivative of k**8/10080 - k**7/720 - k**6/720 + k**5/4 - 17*k**2. Let m(l) be the third derivative of x(l). Give m(5).
14
Suppose -3*g + 4*g = 4. Suppose -14 = -3*f + g. Let p(v) = -3*v**3 + 4*v**3 + 5 - 5*v + 5 + f*v**2 + 0*v**3. Calculate p(-7).
-4
Let g(z) = 1. Let k(a) be the third derivative of -a**4/24 + 2*a**3/3 - 11*a**2. Let y(o) = -2*g(o) - k(o). Calculate y(6).
0
Let c(a) = -a**2 - 8*a - 1 + 5 + 0*a**2. Let i be c(-8). Let b(x) = 3*x - x**2 - 6*x**2 - i + 6*x**2 - 3*x**2 + x**3. Calculate b(4).
8
Let f(w) = 3*w**2 - 2*w - 2. Suppose -8*q + 57 = -23. Suppose 0 = 5*c - 0*c - q. Give f(c).
6
Suppose -136 = 16*k - 120. Let j(o) = 4*o**3 - o**2 + o + 1. Let c(b) = 20*b**3 - 6*b**2 + 5*b + 5. Let x(i) = -2*c(i) + 11*j(i). Calculate x(k).
-3
Let v(k) = 76*k**2 + 3 - 2*k - 5*k - 151*k**2 + 76*k**2. Determine v(7).
3
Let j(g) be the third derivative of g**8/20160 - g**7/1008 - g**6/120 + g**5/20 - 11*g**2. Let o(m) be the third derivative of j(m). Calculate o(5).
-6
Let j(p) = p. Let s be 5/1*(-1)/(-1). Suppose -s*h - 30 = -10*h. Let b be 2/9 + h/(-27). Calculate j(b).
0
Let c(v) = v**2 - 6*v + 1. Let s(o) = -3*o - 3. Let m = -51 + 48. Let l be s(m). Calculate c(l).
1
Let k(f) = f**3 + 5*f**2 + 3*f + 7. Let a(w) = -3*w**3 - 11*w**2 - 7*w - 15. Let q(l) = 2*a(l) + 5*k(l). Let r be ((-4)/3)/(1/(-3)). Calculate q(r).
-7
Let s(g) be the first derivative of -g**3/6 - 3*g**2/2 + 6*g - 16. Let w(b) be the first derivative of s(b). Calculate w(-3).
0
Let j(r) = -15*r**2 + 28*r + 22. Let z(p) = -13*p**2 + 25*p + 21. Let v(w) = -6*j(w) + 7*z(w). Give v(14).
-83
Let u(l) be the second derivative of l**5/20 - l**4/12 - l**3/6 + l**2/2 - 34*l - 2. Give u(2).
3
Let p(o) be the third derivative of 0*o + 10*o**2 - 7/24*o**4 - 1/60*o**5 - 1/2*o**3 + 0. Let v = -3 - 0. Calculate p(v).
9
Let x be ((-4)/(-12) + 1)*45/(-10). Let l(u) be the second derivative of -1/2*u**3 - 1/12*u**4 + 4*u**2 + 0 - 3*u. Give l(x).
-10
Let u(d) = 2*d**3 + 13*d**2 + 4*d - 3. Let l be u(-6). Suppose -l*o = -7*o. Let m(w) = -w**3 + w**2 + 7. Give m(o).
7
Let a(j) be the first derivative of -2*j**2 + 24*j + 224. Give a(5).
4
Let c = 482 - 2891/6. Let g(l) be the second derivative of 1/4*l**4 + 0 - 1/20*l**5 - 3*l + 2*l**2 + c*l**3. Give g(4).
-8
Let x(p) be the third derivative of p**5/60 + p**4/6 - 2*p**3/3 - 10*p**2 - p. Give x(-5).
1
Let b(i) = 3*i**3 + 11*i**2 - 2*i + 2. Let f(t) = 4*t**3 + 13*t**2 - 4*t + 2. Let z(a) = 5*b(a) - 4*f(a). Calculate z(5).
-18
Let q(z) = 9*z - 1. Suppose m + 19 - 56 = 3*c, 4*c = -2*m + 24. Suppose 0 = 2*y - m + 20. Calculate q(y).
8
Let m(i) = -11*i + 12*i + 2*i**2 + 16 - 16 + 8*i**3. Determine m(-1).
-7
Let h(l) = 1 + 3*l**2 - 2*l - 5*l - 2*l**2 + 5. Let b = -2 + 2. Let f(i) = -3*i + 7. Let u be f(b). Give h(u).
6
Let l(g) be the second derivative of -6*g - 1/20*g**5 - 1/360*g**6 - 1/2*g**4 + 0*g**3 + 0*g**2 + 0. Let x(i) be the third derivative of l(i). Give x(-6).
6
Let a be (-110)/(-33) + (-4)/3 + 1. Suppose y - 2*w + 1 = 0, 0 = -a*w + 5*w. Let n(u) = 4*u**2 - 1. Determine n(y).
3
Let s(o) be the first derivative of 7*o**2/2 - 7*o - 600. Give s(-3).
-28
Let m be 0 + -2 + 63/9. Let a(q) be the third derivative of 1/120*q**6 + 0*q**4 + q**3 - 1/12*q**5 - 2*q**2 + 0*q + 0. What is a(m)?
6
Let c(i) = 2*i - 5. Let o = -39 - -42. Suppose 35 = o*m + 2*m. Calculate c(m).
9
Let y be (-1 - -1)/((-6)/(-6)). Let x(p) = 4 + y - 1 - 1 + p. Let b = -313 + 308. Give x(b).
-3
Suppose 0 = 2*y + 5*n + 4, 3*y + n - 1 = -3*n. Let h(j) be the third d